
Let q = 89 - 85. Suppose -a + q*g = -6469, -4*a = -8*g + 3*g - 25843. Is a prime?
False
Suppose -a + 4 = s, -20 = -4*a - a + 4*s. Let l be a*572/32*2. Suppose -v + 594 = 4*n - 2*v, -n + 3*v + l = 0. Is n a composite number?
False
Suppose -4*g = -2*k - 5043 + 227, 0 = -5*g + 15. Is (21/7)/(-1 - k/2396) a prime number?
False
Let j(h) = -h**2 + 11*h - 13. Let z be j(9). Suppose -z*c + 39 - 39 = 0. Suppose c = 5*q - 10*q + 255. Is q composite?
True
Suppose 2*i - j = 8 - 1, -4*j - 12 = 0. Suppose 1214 = -i*c + 4*c - 2*n, 5*c = -5*n + 2995. Let r = c + 86. Is r a prime number?
False
Suppose 406546 = 7*u + 35511. Is u prime?
False
Suppose -2 = -5*v + 8*v + 4*b, 0 = -5*b - 10. Suppose 0*o - 10207 = -5*o - v*a, -3*o + 3*a + 6120 = 0. Is o prime?
False
Let f = -10243 - -3988. Let a be -2 + (-4 - f/5). Let v = a + -662. Is v composite?
True
Let z be (-247)/(-57) + 1/(-3). Suppose 2*d - z*a = -3*a + 7028, 5*d - 3*a - 17571 = 0. Suppose 11*i - d - 4594 = 0. Is i composite?
True
Let i be 35 + (-7)/(35/20). Let a = i - 29. Suppose a*c = 427 + 1011. Is c a prime number?
True
Suppose -4*n - 4*d + 8735 = -28833, -5*n - d = -46976. Let x = -6259 + n. Is x a composite number?
False
Let n(f) = -f**3 + f**2 + 3*f + 3. Let c be n(-1). Suppose 0 = -c*a + 1659 - 401. Is a composite?
True
Let p(c) = -594*c - 7317*c - 1 - 7. Is p(-1) a composite number?
True
Suppose 3*f + f = 928. Let x be (-265)/(-53) - (1 + (3 - 2)). Suppose -x*t = -1810 + f. Is t a prime number?
False
Suppose 0 = 3*w + 5*w - 7296. Suppose -4*l + w = -4*k, -4*l + 444 + 473 = -3*k. Is l composite?
False
Is 120/(-18)*39/(-52) + (310198 - 2) a prime number?
False
Let v(h) = 11345*h - 772. Is v(7) a composite number?
False
Suppose -428 = -s + 1177. Suppose -2*m + 2*t = 2*m - 6402, m = 2*t + s. Let d = -392 + m. Is d composite?
True
Suppose 0 = -2*h - 2, 5*v = -5*h + 4*h + 14. Suppose -v*x - x + 38 = 2*j, 3*x = 2*j + 32. Suppose -403 = -x*y + 267. Is y a composite number?
False
Let l = 32 - 43. Let f = l + 20. Is 3/27 - (-9908)/f prime?
False
Suppose 0 = 4*j + 69 - 1. Let w = j + 22. Is (356/w)/(24/60) composite?
True
Let o(n) = -13*n + 33 + 4 + 69*n. Suppose 0*i - i = -6. Is o(i) a prime number?
True
Suppose 790803 = 5*v - p, -632638 = 9*v - 13*v + 3*p. Is v a prime number?
True
Let x = -514993 - -1023356. Is x a composite number?
False
Suppose 2*h = 4*h - 3196. Let a be h/(-51)*3/2. Let d = 80 + a. Is d composite?
True
Let z(s) = -1. Let w(d) = -73*d**2 + 10*d + 24. Let k(b) = -w(b) - 5*z(b). Is k(-4) a prime number?
False
Suppose v + 4*r = -52, 6 = -6*r + 3*r. Let i = v - -47. Suppose 0 = -3*w + 2*x + 13945, -i*w - 5*x = -1447 - 12463. Is w a prime number?
False
Let y(l) be the second derivative of 232*l**3 - 55*l**2/2 - 12*l + 3. Is y(7) composite?
False
Let r(k) = -12*k - 9. Let c be r(-1). Suppose c*v = -90 + 7851. Is v prime?
False
Let m(f) = -6071*f - 369. Is m(-8) composite?
True
Let s(y) = -y**3 - 2*y**2 - 8*y + 362227. Is s(0) composite?
True
Let n(j) = -5610*j + 5021. Is n(-29) a composite number?
False
Let x be ((-32)/80)/(2/(-5)). Let v = 296 - x. Is v composite?
True
Is 251707207/2776 - (6/(-10))/((-8)/(-5)) composite?
True
Let i(k) = 1 + 148*k**2 + 128*k - 141*k + 19*k**2. Is i(-3) composite?
False
Let l(x) be the second derivative of 337*x**3 + 47*x**2/2 + 236*x. Is l(3) prime?
True
Let t(b) = 455*b - 7. Let m be t(1). Let n = m + 2008. Suppose n = -3*x + 7*x. Is x a prime number?
False
Suppose 2*y + y - 33 = 0. Suppose y = 3*a + 2. Suppose -6*v = a*v - 5247. Is v a composite number?
True
Let c = 2933 - 1762. Is c prime?
True
Let w be 4/14 - 1880/(-329). Let o(d) = 1144*d - 1. Is o(w) a prime number?
True
Suppose 262*k - 138961 = 183*k. Is k prime?
True
Let g = 12708 + 8973. Suppose 144*f - 147*f = -g. Let s = f + -2842. Is s composite?
True
Let t(d) = -1778*d + 3447. Is t(-28) a prime number?
True
Let o(m) be the second derivative of 18*m**2 - 1/6*m**3 + 0 - 28*m. Is o(-10) composite?
True
Suppose 0 = -4*p - 2137 - 1703. Suppose -3871 = -91*f + 98*f. Let i = f - p. Is i composite?
True
Suppose v + 5 = 0, 5*v - 79 = -0*a - 2*a. Let z(q) = 14*q - 2*q - 5*q - a. Is z(18) a composite number?
True
Let x(f) = -3585*f**2 - f - 1. Let z be x(-2). Let c = z - -29470. Is c a composite number?
False
Let s(r) = -2514*r**3 + 294*r + 2545. Is s(-9) a prime number?
False
Suppose 0 = 2*j - 3*j + 115290 + 30509. Is j a prime number?
True
Let r = -231 - -237. Suppose 8*m = -r*m + 86618. Is m prime?
False
Let y be (-8)/52 + (-166307)/13. Let w = y + 23382. Is w a prime number?
True
Suppose 4*b - 7 = o, 0*o = -2*b - 5*o + 31. Suppose 7*k - 4*q = b*k + 25532, -k = -3*q - 6379. Is k prime?
False
Let x = -16 + 9. Let l = -19 - x. Is (-1056)/(-5) + l/60 prime?
True
Suppose 0 = -2*u + c + 28545, -158*c + 14276 = u - 159*c. Is u a composite number?
True
Let o(i) = i**3 + 27*i**2 - 19*i - 19. Suppose -4*r + 5*x = 104, -104 = 4*r - 7*x + 3*x. Is o(r) a composite number?
False
Suppose -3*p - 17280 + 47250 = -546027. Is p composite?
False
Suppose -2*i + 5853 = 5*z, -4*z - 2*i - 1054 + 5738 = 0. Suppose -h = -z - 1532. Suppose -2*q + 1789 = -5*a, -4*q + q + h = -4*a. Is q composite?
False
Let s(x) = 2*x**3 + x**2 - 1. Let c(h) = 8*h**3 - 5*h**2 - 31*h + 107. Let f(b) = c(b) - 2*s(b). Is f(7) prime?
False
Suppose -24*g + 19*g = 4*k - 2390447, -5*g - 2*k + 2390441 = 0. Is g a prime number?
True
Let r(z) = -1868*z**2 + 4*z + 1. Let h be r(-1). Let p = -2776 - h. Let c = 498 - p. Is c a composite number?
True
Let b = 38927 + 363906. Is b a composite number?
True
Let j(g) = -g**2 + g - 4. Let n be j(2). Let i(t) = -27*t**3 - 3*t**2 - 27*t - 7. Is i(n) composite?
False
Suppose 7 = 22*v - 23*v. Let p be 3688*(-3)/(v - -2 - -2). Let n = -1853 + p. Is n composite?
True
Let x = 24537 + 9166. Is x composite?
False
Let r(u) = 1099*u**2 + 11*u + 109. Is r(-23) prime?
True
Let h(k) = -21*k**2 - 12*k**2 + 17 - 9*k + 2*k**3 + 22*k**2 - 2*k. Is h(9) prime?
False
Suppose -2*q - 6 = 0, -3*s + 2177376 = 884*q - 887*q. Is s a composite number?
False
Let z(y) = 31323*y - 832. Is z(11) composite?
True
Let u(k) = -834*k + 2171. Is u(-28) composite?
False
Let o = 19 - -103. Let n = -119 + o. Suppose 7*s - 1401 = -w + n*s, 5*s = 3*w - 4186. Is w a composite number?
True
Suppose k - 5*k - 8 = 0, 0 = -3*o - 4*k + 715. Suppose -28*a + 25*a - 307 = 2*r, 4*a - 170 = r. Let s = o + r. Is s composite?
False
Let o = -237162 - -360195. Is o a prime number?
False
Let c be 6/1*(-1896)/(-8). Suppose -4*v = 2*a + c, v = 3*a + 4*v + 2145. Let k = 1981 + a. Is k a prime number?
False
Suppose -4*y + 372 = -3436. Suppose 2*x + 6 = 3*l - 5*l, x - 4*l = 22. Suppose 10*v = x*v + y. Is v prime?
False
Let w be 234/(-8)*(923 + 13). Is (-2)/4 - w/12 a composite number?
False
Let c(z) = -2425*z - 140. Is c(-19) composite?
True
Let g(z) = 4690*z**2 + 15*z + 132. Is g(7) prime?
True
Let v(z) = 3*z**3 - 122*z**2 + 137*z - 4241. Is v(73) a prime number?
True
Let v(u) = u**3 - 9*u**2 + 1158*u - 21. Is v(26) a composite number?
False
Suppose 0 = -4*y, 4*s - s - 177 = 4*y. Let k = s + -59. Is (k + -2 - -4)*(-487)/(-2) prime?
True
Suppose -2*r - 37698 = -5*r. Let f = 529 + -524. Suppose f*q = -4*j + 12569, -5*q + 0*j + r = j. Is q a composite number?
True
Let i = 2697714 - 1786027. Is i composite?
True
Let g(d) = -106*d**2 - 11*d + 2. Let v be g(-6). Is (-225)/30*v/5 + 1 a composite number?
False
Suppose -2*y + 176 = 2*y + p, -44 = -y - p. Suppose -y*d + 46*d = 12454. Is d a composite number?
True
Suppose 2*u - 158700 = j, -14*u + 9*u + 396765 = -10*j. Is u a composite number?
False
Let g(j) = j**3 + 8*j**2 + 5. Let k be g(-8). Suppose 7*p = 6*p + k. Suppose -f - p*s + 461 = 87, -2*f + 755 = 3*s. Is f a prime number?
True
Let b(l) = -2*l**2 + 3. Let t be b(2). Let u(y) = 99*y**2 + 7*y + 13. Is u(t) composite?
True
Suppose -141 = 10*m - 191. Is m + -10 - 2046/(-2) composite?
True
Suppose -3*z = 5*s + 65, -20 = 3*s + z - 3*z. Let r(h) = -27*h**3 + 12*h**2 + 11*h + 9. Is r(s) a prime number?
True
Let g(p) = -p**2 - 17*p - 48. Let n be g(-4). Is 36/(-54)*(-9942)/n a prime number?
True
Suppose 34*r = -3*r + 21*r + 540128. Is r a composite number?
True
Let x be (-6)/33 + (-9)/11 + -1. Let f(r) = 203*r**3 + 3*r**2 - 2*r. Let v be f(x). Let d = 2327 + v. Is d composite?
False
Su